NOAA-Style Climate Reports


Report for 2018 February
                   Monthly Climatological Summary for Feb 2018

Name: KensBackYard   City: Fremont   State: NH
Elevation: 161 ft  Lat: N 42° 57' 53"   Lon: W 071° 07' 04"

                  Temperature (°F), Rain (in), Wind Speed (mph)

                                      Heat  Cool        Avg
    Mean                              Deg   Deg         Wind                 Dom
Day Temp  High   Time   Low    Time   Days  Days  Rain  Speed High   Time    Dir
----------------------------------------------------------------------------------
 1  33.5  40.8   14:56  29.0   00:00  34.5   0.0  0.08   1.2  13.0   01:57    SW
 2  24.9  38.6   00:00   8.8   23:55  43.1   0.0  0.18   2.5  35.0   15:47   WNW
 3  15.8  27.0   15:40   3.2   07:02  52.2   0.0  0.00   1.5  20.0   13:04   WSW
 4  32.8  40.5   13:29  17.8   00:00  35.2   0.0  0.24   1.1  16.0   09:05    SW
 5  33.4  41.5   11:03  20.4   23:55  34.6   0.0  0.19   1.5  28.0   13:05   WNW
 6  25.0  34.0   15:51  18.6   23:42  43.0   0.0  0.00   1.0  15.0   12:37    SW
 7  24.7  32.9   20:35  14.6   04:24  43.3   0.0  0.00   0.2   8.0   23:37   ENE
 8  22.7  30.0   00:00  13.4   23:55  45.4   0.0  0.29   0.7  15.0   01:30   ENE
 9  19.0  27.5   11:49   6.3   07:12  49.0   0.0  0.01   0.3  10.0   12:04   WSW
10  31.8  40.5   15:31  24.3   00:00  36.2   0.0  0.44   0.0   7.0   12:12    SW
11  35.1  36.8   08:11  33.9   21:56  32.9   0.0  0.52   0.3   8.0   18:49     E
12  34.2  41.8   14:41  24.8   23:15  33.8   0.0  0.18   0.9  16.0   06:49   WNW
13  26.5  33.9   14:35  19.6   04:54  41.5   0.0  0.00   0.8  11.0   11:37   WNW
14  33.5  49.0   15:00  25.8   00:00  34.4   0.0  0.00   0.9  14.0   12:29   WSW
15  38.6  52.8   14:12  27.4   06:13  29.4   0.0  0.00   0.5  11.0   13:38    SW
16  38.9  45.9   13:04  29.7   23:59  29.1   0.0  0.05   0.9  19.0   17:51   WNW
17  30.1  37.4   12:52  23.1   06:51  37.9   0.0  0.00   1.2  19.0   00:31     W
18  33.1  42.7   15:11  23.5   23:54  34.9   0.0  0.43   1.0  23.0   11:59   WNW
19  35.0  50.1   14:12  17.1   06:26  33.0   0.0  0.12   1.2  17.0   13:27    SW
----------------------------------------------------------------------------------
    29.9  52.8    15     3.2     3   723.4   0.0  2.73   0.9  35.0     2       W

Max >=  90.0:  0
Max <=  32.0:  3
Min <=  32.0: 18
Min <=   0.0:  0
Max Rain: 0.52 on day 11
Days of Rain: 5 (>= 0.20 in)  0 (>= 2.00 in)  0 (>= 20.00 in)
Heat Base: 68.0  Cool Base: 78.0  Method: Integration