NOAA-Style Climate Reports


Report for 2018 April
                   Monthly Climatological Summary for Apr 2018

Name: KensBackYard   City: Fremont   State: NH
Elevation: 161 ft  Lat: N 42° 57' 53"   Lon: W 071° 07' 04"

                  Temperature (°F), Rain (in), Wind Speed (mph)

                                      Heat  Cool        Avg
    Mean                              Deg   Deg         Wind                 Dom
Day Temp  High   Time   Low    Time   Days  Days  Rain  Speed High   Time    Dir
----------------------------------------------------------------------------------
 1  46.3  58.2   14:50  30.0   23:58  21.7   0.0  0.00   3.0  28.0   13:22   WSW
 2  31.0  40.6   18:05  26.6   23:11  37.4   0.0  0.03   0.1   9.0   12:33    SW
 3  35.6  50.5   12:29  24.0   05:01  32.4   0.0  0.17   0.8  13.0   12:30     S
 4  41.0  47.0   17:13  36.8   00:00  27.0   0.0  0.31   0.9  29.0   22:12     W
 5  34.7  43.0   15:20  26.4   23:57  33.9   0.0  0.00   3.8  28.0   03:14     W
 6  30.8  40.3   12:48  18.7   06:20  37.2   0.0  0.14   1.2  15.0   10:04    SW
 7  38.6  48.3   15:05  30.3   23:58  29.4   0.0  0.21   1.4  20.0   14:31     W
 8  33.8  46.0   15:01  24.9   07:05  34.2   0.0  0.00   1.2  18.0   17:49   WNW
 9  33.8  45.2   15:24  25.6   06:06  34.2   0.0  0.00   1.9  23.0   08:57   WNW
10  34.5  42.1   11:22  27.6   01:04  33.5   0.0  0.02   0.6  10.0   11:28     E
11  37.1  50.7   14:32  28.4   00:42  30.9   0.0  0.01   1.1  14.0   12:47   SSE
12  42.2  59.2   14:50  26.4   03:36  25.8   0.0  0.11   1.0  15.0   12:10   SSW
13  52.0  64.2   11:42  37.3   05:59  16.0   0.0  0.01   0.8  12.0   09:58   WNW
14  43.6  55.8   10:33  33.8   23:58  24.4   0.0  0.00   1.1  11.0   13:54     E
15  30.3  33.9   00:00  28.2   10:45  39.0   0.0  0.00   2.4  15.0   18:40   ENE
16  38.2  49.8   22:16  31.4   00:00  29.8   0.0  2.36   3.2  20.0   10:45     E
17  43.0  49.0   15:00  37.4   23:03  25.0   0.0  0.02   1.9  17.0   10:29     W
18  43.2  54.8   14:46  33.0   04:43  24.8   0.0  0.00   2.2  21.0   10:59     W
19  39.7  46.1   13:54  33.9   02:28  28.3   0.0  0.10   0.7  15.0   18:47   WNW
20  42.4  52.9   14:07  35.5   05:20  25.6   0.0  0.00   3.0  26.0   07:30   WNW
21  45.1  60.2   16:00  29.8   06:09  22.9   0.0  0.00   1.4  21.0   10:30   WNW
22  46.8  62.9   15:22  27.6   05:31  21.5   0.0  0.00   1.4  18.0   11:32    NW
23  48.3  67.6   14:55  27.2   05:58  19.7   0.0  0.00   1.0  13.0   16:57   SSE
24  55.1  72.8   14:44  31.5   06:24  13.5   0.0  0.00   1.8  16.0   13:38    SW
25  50.5  53.9   00:00  47.7   05:57  17.5   0.0  0.76   0.8  11.0   00:44   ESE
----------------------------------------------------------------------------------
    40.7  72.8    24    18.7     6   685.6   0.0  4.25   1.6  29.0     4       W

Max >=  90.0:  0
Max <=  32.0:  0
Min <=  32.0: 17
Min <=   0.0:  0
Max Rain: 2.36 on day 16
Days of Rain: 4 (>= 0.20 in)  1 (>= 2.00 in)  0 (>= 20.00 in)
Heat Base: 68.0  Cool Base: 78.0  Method: Integration