NOAA-Style Climate Reports


Report for 2017 July
                   Monthly Climatological Summary for Jul 2017

Name: KensBackYard   City: Fremont   State: NH
Elevation: 161 ft  Lat: N 42° 57' 53"   Lon: W 071° 07' 04"

                  Temperature (°F), Rain (in), Wind Speed (mph)

                                      Heat  Cool        Avg
    Mean                              Deg   Deg         Wind                 Dom
Day Temp  High   Time   Low    Time   Days  Days  Rain  Speed High   Time    Dir
----------------------------------------------------------------------------------
 1  76.6  87.6   15:46  68.6   05:47   0.0   2.0  0.21   1.4  18.0   17:58    SW
 2  77.3  87.5   15:03  67.7   22:12   0.0   2.5  0.02   1.4  15.0   13:42   WSW
 3  74.2  85.1   15:00  60.7   23:57   0.9   1.6  0.02   1.1  18.0   12:30   WSW
 4  71.6  82.8   14:59  55.8   05:27   2.9   0.9  0.02   0.8  11.0   12:22   WSW
 5  74.7  83.7   14:26  56.1   06:35   0.8   1.2  0.02   0.6  12.0   16:01    SE
 6  70.3  83.9   14:26  54.1   05:28   3.4   1.0  0.01   0.9  14.0   13:26    SW
 7  65.3  68.5   08:00  58.8   23:57   2.7   0.0  0.01   0.2   7.0   16:57   ESE
 8  69.1  83.9   13:38  57.9   01:25   3.1   0.5  0.02   0.6  19.0   13:41   WSW
 9  70.4  82.5   15:18  57.6   05:20   2.8   0.8  0.01   0.9  13.0   12:51   WSW
10  72.5  85.4   14:42  57.4   05:16   2.7   1.9  0.01   0.9  14.0   11:35   WSW
11  72.9  79.3   15:06  67.1   06:18   0.1   0.2  0.01   0.3  10.0   00:36   WSW
12  74.6  87.3   14:10  63.1   05:28   0.9   2.1  0.01   0.6  11.0   15:38   ESE
13  61.9  70.3   00:00  56.0   23:52   6.3   0.0  0.49   0.6   8.0   15:37   ENE
14  61.6  66.3   12:39  55.4   00:42   6.4   0.0  0.00   0.4   7.0   18:56   ESE
15  68.6  81.2   15:32  60.9   03:15   2.8   0.3  0.00   0.3   9.0   17:05   SSW
16  73.9  87.7   15:05  61.1   05:19   1.5   2.4  0.00   0.5   9.0   13:35    SW
17  74.2  88.2   13:32  60.7   05:40   1.5   2.3  0.00   0.6   9.0   13:50   ESE
18  73.4  83.8   15:12  63.0   05:29   0.8   1.0  0.13   0.4  11.0   13:03     S
19  76.5  90.8   15:30  62.3   05:41   0.9   3.7  0.00   0.6  12.0   14:59    SW
20  76.7  89.7   15:09  64.6   05:27   0.5   3.5  0.00   0.4   9.0   12:57   WSW
21  75.8  90.0   15:45  60.8   05:33   1.5   3.2  0.00   0.8  10.0   09:41   WSW
22  74.6  84.6   15:15  67.1   05:40   0.0   1.0  0.00   0.3  10.0   15:02   WSW
23  68.7  74.7   14:31  59.2   23:21   1.4   0.0  0.00   1.1  13.0   08:34     E
24  58.4  62.3   09:46  55.2   22:47   9.6   0.0  0.79   1.0  13.0   20:15   ENE
25  60.3  69.1   16:19  54.0   23:55   7.7   0.0  0.01   0.5  12.0   10:02     E
----------------------------------------------------------------------------------
    71.0  90.8    19    54.0    25    61.2  32.1  1.79   0.7  19.0     8      SW

Max >=  90.0:  2
Max <=  32.0:  0
Min <=  32.0:  0
Min <=   0.0:  0
Max Rain: 0.79 on day 24
Days of Rain: 3 (>= 0.20 in)  0 (>= 2.00 in)  0 (>= 20.00 in)
Heat Base: 68.0  Cool Base: 78.0  Method: Integration