NOAA-Style Climate Reports


Report for 2017 September
                   Monthly Climatological Summary for Sep 2017

Name: KensBackYard   City: Fremont   State: NH
Elevation: 161 ft  Lat: N 42° 57' 53"   Lon: W 071° 07' 04"

                  Temperature (°F), Rain (in), Wind Speed (mph)

                                      Heat  Cool        Avg
    Mean                              Deg   Deg         Wind                 Dom
Day Temp  High   Time   Low    Time   Days  Days  Rain  Speed High   Time    Dir
----------------------------------------------------------------------------------
 1  54.7  66.2   15:29  44.6   06:51  13.3   0.0  0.00   1.0  22.0   11:31   WSW
 2  55.8  73.2   15:10  39.7   06:11  12.8   0.0  0.00   0.5   9.0   13:34    SW
 3  56.3  60.8   10:07  52.4   02:16  11.7   0.0  0.00   0.8  11.0   15:57     E
 4  64.8  78.2   15:47  52.8   05:51   5.6   0.0  0.78   1.3  15.0   10:28   WSW
 5  73.6  85.7   15:04  59.9   01:04   1.4   1.6  0.00   1.8  17.0   14:24   WSW
 6  65.6  71.5   00:00  59.9   23:27   2.9   0.0  0.63   0.2   8.0   12:30   SSW
 7  63.2  74.2   15:10  55.5   23:57   5.6   0.0  0.50   0.9  15.0   15:00   WSW
 8  59.6  72.1   14:05  49.5   06:49   8.8   0.0  0.05   0.6  13.0   12:06   WSW
 9  58.4  71.7   16:13  47.4   06:43   9.8   0.0  0.01   0.2   8.0   09:46   WSW
10  58.7  72.2   13:09  47.0   06:26   9.8   0.0  0.00   0.3  11.0   10:17   ESE
11  60.6  79.6   15:46  46.0   04:18   9.6   0.1  0.00   0.4   7.0   09:17   WSW
12  64.1  83.4   15:56  49.4   05:30   7.5   0.6  0.00   0.4   8.0   13:54   WSW
13  65.3  81.6   14:18  50.3   06:30   6.6   0.5  0.00   0.2   8.0   14:41    SW
14  70.1  81.9   15:56  59.4   03:13   2.5   0.4  0.00   0.7  11.0   15:57   WSW
15  70.5  81.5   13:43  66.0   06:33   0.3   0.1  0.12   0.3   7.0   13:39     E
16  70.0  81.6   16:01  65.0   23:59   0.8   0.3  0.00   0.1   4.0   12:31     E
17  68.5  83.4   15:19  62.2   04:05   2.6   0.6  0.00   0.3   8.0   16:13   ESE
18  65.4  70.1   14:55  62.3   03:45   2.8   0.0  0.01   0.3   7.0   14:09     E
19  64.9  67.9   15:32  62.2   06:58   3.1   0.0  0.04   1.1  12.0   17:57   ENE
20  68.6  71.9   16:05  65.8   00:00   0.5   0.0  0.05   1.3  13.0   07:41   ENE
----------------------------------------------------------------------------------
    63.9  85.7     5    39.7     2   118.0   4.2  2.19   0.6  22.0     1      SW

Max >=  90.0:  0
Max <=  32.0:  0
Min <=  32.0:  0
Min <=   0.0:  0
Max Rain: 0.78 on day 4
Days of Rain: 3 (>= 0.20 in)  0 (>= 2.00 in)  0 (>= 20.00 in)
Heat Base: 68.0  Cool Base: 78.0  Method: Integration