NOAA-Style Climate Reports


Report for 2012 February
                   Monthly Climatological Summary for Feb 2012

Name: KensBackYard   City: Fremont   State: NH
Elevation: 161 ft  Lat: N 42° 57' 53"   Lon: W 071° 07' 04"

                  Temperature (°F), Rain (in), Wind Speed (mph)

                                      Heat  Cool        Avg
    Mean                              Deg   Deg         Wind                 Dom
Day Temp  High   Time   Low    Time   Days  Days  Rain  Speed High   Time    Dir
----------------------------------------------------------------------------------
 1  36.4  48.7   15:10  27.6   01:11   4.0  14.2  0.01   0.2  11.0   19:12   WSW
 2  33.0  39.6   09:56  29.3   23:57  35.0   0.0  0.00   0.4   8.0   09:26   ENE
 3  29.1  37.7   14:18  21.8   07:16  38.9   0.0  0.00   0.9  14.0   14:08   WNW
 4  30.4  38.3   13:22  23.1   23:57  37.6   0.0  0.00   0.6  14.0   11:39   WNW
 5  24.6  37.3   14:19  12.1   07:18  43.4   0.0  0.00   0.4   9.0   15:00   WSW
 6  36.3  52.2   14:54  22.9   00:00  31.7   0.0  0.00   1.2  15.0   11:58     W
 7  33.2  45.7   13:52  24.2   05:08  34.8   0.0  0.00   0.7  12.0   11:10   WNW
 8  27.5  38.0   14:42  16.3   06:38  40.5   0.0  0.00   0.5  10.0   09:04   WSW
 9  32.6  47.3   14:21  22.8   23:21  35.4   0.0  0.00   0.6   9.0   12:32     W
10  34.0  50.6   14:18  17.2   06:43  34.0   0.0  0.00   0.7  17.0   15:08   WSW
11  34.6  38.4   12:21  25.7   23:59  33.4   0.0  0.00   0.6  15.0   23:53   NNE
12  17.4  25.7   00:00  11.4   22:26  50.7   0.0  0.00   2.0  14.0   00:27   WNW
13  26.8  41.3   15:12  11.2   01:26  41.2   0.0  0.00   1.1  17.0   11:49     W
14  29.2  42.7   15:49  15.9   06:48  38.7   0.0  0.00   0.3   9.0   16:17   WSW
15  33.5  42.5   15:06  28.1   00:01  34.5   0.0  0.01   0.0   3.0   15:50     E
16  35.5  47.4   13:09  23.4   06:53  32.5   0.0  0.07   0.3   7.0   13:45    SW
17  40.7  52.2   13:13  28.1   23:50  27.2   0.0  0.00   0.9  12.0   11:42     W
18  35.9  46.4   15:01  27.6   01:00  32.1   0.0  0.00   0.9  17.0   19:33     W
19  31.4  43.6   14:42  23.3   23:41  36.6   0.0  0.00   0.8  10.0   10:17   WNW
20  29.4  42.3   13:49  19.3   06:35  38.6   0.0  0.00   1.1  14.0   16:29   WNW
21  31.6  43.6   13:54  17.2   06:53  36.4   0.0  0.00   0.5  10.0   13:02   SSW
22  39.5  55.2   15:38  28.2   03:57  28.5   0.0  0.00   0.7  15.0   11:19     W
23  41.0  51.5   13:26  29.8   23:57  27.0   0.0  0.04   0.7  15.0   13:59     W
24  34.3  39.2   21:56  28.0   01:09  33.7   0.0  1.05   0.4  11.0   19:10     E
25  36.6  41.3   15:05  29.3   23:57  31.4   0.0  0.00   3.0  24.0   10:31     W
26  29.2  39.2   14:31  21.1   23:57  38.8   0.0  0.00   2.0  19.0   04:59     W
27  29.7  44.7   15:12  15.2   06:32  38.3   0.0  0.00   0.4   7.0   10:22   ESE
28  35.4  42.9   12:01  26.1   21:12  32.6   0.0  0.00   1.4  13.0   09:37   WNW
29  30.3  34.8   11:16  27.0   00:20  37.7   0.0  0.00   0.3   4.0   12:57   ENE
----------------------------------------------------------------------------------
    32.4  55.2    22    11.2    13  1005.2  14.2  1.18   0.8  24.0    25       W

Max >=  90.0:  0
Max <=  32.0:  1
Min <=  32.0: 29
Min <=   0.0:  0
Max Rain: 1.05 on day 24
Days of Rain: 1 (>= 0.20 in)  0 (>= 2.00 in)  0 (>= 20.00 in)
Heat Base: 68.0  Cool Base: 78.0  Method: Integration