NOAA-Style Climate Reports


Report for 2012 September
                   Monthly Climatological Summary for Sep 2012

Name: KensBackYard   City: Fremont   State: NH
Elevation: 161 ft  Lat: N 42° 57' 53"   Lon: W 071° 07' 04"

                  Temperature (°F), Rain (in), Wind Speed (mph)

                                      Heat  Cool        Avg
    Mean                              Deg   Deg         Wind                 Dom
Day Temp  High   Time   Low    Time   Days  Days  Rain  Speed High   Time    Dir
----------------------------------------------------------------------------------
 1  68.2  77.9   14:33  55.9   23:24   2.9   0.0  0.00   0.9  11.0   11:51     E
 2  63.7  75.1   14:30  54.7   01:04   5.5   0.0  0.05   0.4  10.0   16:22     E
 3  65.7  78.6   14:49  55.9   06:36   4.5   0.0  0.00   0.7  10.0   12:49     E
 4  62.0  67.2   16:19  54.8   03:51   5.9   0.0  0.22   0.1   4.0   13:30     E
 5  73.4  81.2   13:27  65.9   00:00   0.2   0.2  0.19   0.9  12.0   06:59   WSW
 6  71.1  80.3   14:53  64.9   06:29   0.8   0.2  0.00   0.4   7.0   11:36    SW
 7  73.1  87.5   15:21  61.8   06:43   1.5   2.2  0.00   0.3   6.0   12:18   WSW
 8  74.7  84.7   13:11  63.0   23:59   0.4   1.2  0.32   2.0  19.0   14:46     W
 9  63.3  75.3   16:34  53.0   23:56   5.6   0.0  0.02   0.6   8.0   15:26   WSW
10  57.8  67.6   12:46  47.0   23:57  10.2   0.0  0.00   0.9  13.0   15:36   WSW
11  57.0  75.3   15:42  43.6   06:48  12.0   0.0  0.00   0.5   8.0   13:55    SW
12  59.8  80.2   16:02  42.5   05:46  11.0   0.2  0.00   0.4   8.0   13:55     S
13  64.7  85.0   16:00  45.7   06:26   8.0   1.2  0.00   0.5   9.0   13:35    SW
14  68.4  85.0   14:41  51.7   06:45   4.5   1.3  0.00   0.6   8.0   14:21    SW
15  62.7  73.2   15:40  46.2   23:39   6.2   0.0  0.01   0.9  13.0   14:50   WSW
16  53.7  71.3   16:23  39.8   06:34  14.6   0.0  0.00   0.7  13.0   12:03   WSW
17  55.8  77.8   16:29  37.1   06:51  14.0   0.0  0.00   0.5   7.0   11:28   SSW
18  61.6  74.6   22:59  45.1   05:54   7.8   0.0  0.04   1.5  20.0   21:14   ENE
19  62.7  73.7   00:00  42.9   23:58   6.1   0.0  0.52   1.3  15.0   00:50   WSW
20  49.6  66.0   15:49  35.7   06:45  18.4   0.0  0.00   0.6  11.0   12:13     E
21  50.0  66.1   15:51  38.4   03:28  17.9   0.0  0.00   0.5   9.0   16:25     E
22  59.5  72.5   16:27  48.3   00:00   9.1   0.0  0.03   0.4   8.0   14:59   SSE
23  60.5  70.7   15:00  43.3   23:57   7.8   0.0  0.03   0.8  11.0   09:26   WSW
24  50.3  67.8   15:00  37.5   06:47  17.7   0.0  0.00   0.5   9.0   15:05   WSW
25  53.2  73.7   15:30  33.7   06:46  15.6   0.0  0.00   1.0  14.0   15:51   WSW
26  64.4  73.9   13:43  56.4   00:00   4.5   0.0  0.01   1.1  13.0   11:07   WSW
27  58.8  68.7   13:03  42.3   23:51   9.3   0.0  0.00   0.7  10.0   16:30    SW
28  48.0  54.0   21:04  38.7   02:44  20.0   0.0  1.17   0.6   8.0   18:12   ENE
29  53.4  57.1   16:13  50.3   06:42  14.6   0.0  0.05   0.8  10.0   00:17     E
30  54.7  60.7   16:55  50.4   21:27  13.3   0.0  0.18   0.2   6.0   15:35    SW
----------------------------------------------------------------------------------
    60.7  87.5     7    33.7    25   269.9   6.5  2.84   0.7  20.0    18      SW

Max >=  90.0:  0
Max <=  32.0:  0
Min <=  32.0:  0
Min <=   0.0:  0
Max Rain: 1.17 on day 28
Days of Rain: 4 (>= 0.20 in)  0 (>= 2.00 in)  0 (>= 20.00 in)
Heat Base: 68.0  Cool Base: 78.0  Method: Integration