NOAA-Style Climate Reports


Report for 2013 January
                   Monthly Climatological Summary for Jan 2013

Name: KensBackYard   City: Fremont   State: NH
Elevation: 161 ft  Lat: N 42° 57' 53"   Lon: W 071° 07' 04"

                  Temperature (°F), Rain (in), Wind Speed (mph)

                                      Heat  Cool        Avg
    Mean                              Deg   Deg         Wind                 Dom
Day Temp  High   Time   Low    Time   Days  Days  Rain  Speed High   Time    Dir
----------------------------------------------------------------------------------
 1  28.7  35.3   10:33  14.4   23:55  39.3   0.0  0.09   2.1  13.0   09:28     W
 2  15.9  27.0   11:27   5.2   23:59  52.1   0.0  0.00   1.4  13.0   19:12     W
 3  10.1  23.9   13:12   1.5   06:52  57.8   0.0  0.00   1.0   9.0   00:23     W
 4  22.6  37.4   14:08   2.5   03:16  45.4   0.0  0.01   1.3  15.0   12:39   WSW
 5  30.1  39.7   12:35  16.3   23:24  37.9   0.0  0.14   1.3  13.0   11:40     W
 6  28.1  41.6   14:39  15.9   00:44  39.9   0.0  0.21   0.5  12.0   12:27   WSW
 7  26.0  36.4   12:38  11.9   23:48  42.0   0.0  0.09   0.7  12.0   09:51   WNW
 8  26.8  45.2   14:32  10.8   01:41  41.1   0.0  0.14   1.2  17.0   11:56   WSW
 9  30.7  42.6   23:40  17.0   07:05  37.3   0.0  0.02   0.6  13.0   23:22   WSW
10  39.2  45.9   12:30  26.7   23:57  28.9   0.0  0.01   2.6  20.0   11:30     W
11  30.7  39.5   12:52  21.0   06:18  37.3   0.0  0.15   0.3   7.0   12:28   ENE
12  36.0  41.2   14:03  33.3   00:00  32.0   0.0  0.05   0.0   3.0   10:52   ESE
13  40.1  45.3   20:14  34.8   00:17  27.9   0.0  0.01   0.3   5.0   10:10   WSW
14  45.3  59.7   13:39  35.5   19:23  22.7   0.0  0.00   1.0  13.0   06:20     W
15  34.2  42.0   11:42  27.2   07:31  33.8   0.0  0.00   0.3   5.0   10:08     W
16  30.4  32.5   14:22  27.1   23:58  37.6   0.0  0.00   0.1   5.0   11:59   ENE
17  30.6  41.5   13:52  22.4   01:45  37.1   0.0  0.29   0.6  11.0   14:22     W
18  17.5  26.9   00:00   9.3   20:04  50.5   0.0  0.00   1.4  17.0   11:58     W
19  32.5  44.8   13:14  16.2   00:00  35.4   0.0  0.10   1.8  21.0   13:27   WSW
20  38.7  52.1   11:35  27.4   23:52  29.3   0.0  0.05   2.8  30.0   11:57   WSW
21  23.5  27.4   00:00  18.0   06:54  44.5   0.0  0.00   1.4  13.0   00:50   WSW
22  18.8  26.3   13:08   9.5   23:52  49.1   0.0  0.00   1.4  18.0   10:30     W
23   7.5  13.9   13:52   0.7   23:40  60.5   0.0  0.00   1.4  15.0   14:29     W
24   7.5  16.7   14:54  -1.7   06:29  60.5   0.0  0.00   2.5  18.0   16:00     W
25  14.2  22.2   13:35   6.0   05:53  53.8   0.0  0.00   1.7  12.0   07:23     W
26  16.3  24.5   14:01   8.9   07:12  52.6   0.0  0.00   1.7  13.0   16:32     W
27  19.3  29.5   14:38  12.8   03:54  48.6   0.0  0.00   2.2  15.0   05:16     W
28  21.8  29.1   12:28  12.6   05:56  46.2   0.0  0.00   0.6   7.0   12:57   SSW
29  29.4  35.2   14:05  23.3   00:00  38.6   0.0  0.15   0.2   4.0   15:14     N
30  41.7  57.9   22:03  32.2   00:00  26.3   0.0  0.23   0.8  14.0   22:16    SW
31  46.5  60.7   04:54  30.7   23:21  21.5   0.0  0.33   4.2  28.0   09:19   WSW
----------------------------------------------------------------------------------
    27.1  60.7    31    -1.7    24  1267.5   0.0  2.07   1.3  30.0    20       W

Max >=  90.0:  0
Max <=  32.0: 11
Min <=  32.0: 27
Min <=   0.0:  1
Max Rain: 0.33 on day 31
Days of Rain: 4 (>= 0.20 in)  0 (>= 2.00 in)  0 (>= 20.00 in)
Heat Base: 68.0  Cool Base: 78.0  Method: Integration