NOAA-Style Climate Reports


Report for 2013 September
                   Monthly Climatological Summary for Sep 2013

Name: KensBackYard   City: Fremont   State: NH
Elevation: 161 ft  Lat: N 42° 57' 53"   Lon: W 071° 07' 04"

                  Temperature (°F), Rain (in), Wind Speed (mph)

                                      Heat  Cool        Avg
    Mean                              Deg   Deg         Wind                 Dom
Day Temp  High   Time   Low    Time   Days  Days  Rain  Speed High   Time    Dir
----------------------------------------------------------------------------------
 1  76.5  87.4   15:48  70.6   04:44   0.0   1.7  0.01   0.2   8.0   12:20   SSW
 2  71.9  74.0   11:10  68.0   08:15   0.0   0.0  1.26   0.2   6.0   10:50   ENE
 3  71.7  81.5   12:23  60.8   23:59   0.8   0.3  0.01   0.2   5.0   16:40     S
 4  67.3  81.7   15:46  56.5   05:41   4.4   0.4  0.00   0.5   9.0   10:43   SSW
 5  61.3  72.2   14:33  46.2   23:47   7.2   0.0  0.00   0.4  10.0   16:43     S
 6  54.7  70.4   15:58  39.6   06:30  13.4   0.0  0.00   0.5   8.0   13:23     S
 7  61.9  79.9   14:31  44.5   06:18   8.5   0.0  0.00   0.4   8.0   12:21   SSW
 8  62.2  72.2   10:16  46.0   23:57   6.3   0.0  0.00   0.8  15.0   11:31   SSW
 9  55.2  70.5   13:59  39.9   05:02  12.9   0.0  0.00   0.5   9.0   12:41   SSW
10  64.6  73.8   17:35  52.1   02:23   4.7   0.0  0.04   0.5   8.0   09:50    SW
11  80.2  94.8   15:28  68.4   06:24   0.0   5.4  0.15   0.7  11.0   16:06   SSW
12  71.2  83.9   11:53  65.5   23:56   0.3   0.4  2.31   0.3  13.0   12:40    SW
13  66.5  76.4   12:09  57.4   23:58   2.8   0.0  0.11   0.2  10.0   17:45     S
14  59.1  69.7   15:08  49.2   23:58   8.9   0.0  0.07   0.5   7.0   14:03   SSW
15  56.8  71.1   13:56  44.7   05:16  11.3   0.0  0.01   0.4   8.0   12:34   SSW
16  55.3  65.3   12:37  41.8   23:55  12.7   0.0  0.02   0.4  10.0   20:22   SSW
17  49.2  65.4   16:20  35.2   06:25  18.8   0.0  0.00   0.5   9.0   10:04   ESE
18  55.0  74.2   15:55  39.5   06:25  14.0   0.0  0.00   0.4   6.0   13:16     S
19  59.0  78.2   15:36  44.7   04:35  11.0   0.0  0.01   0.2   6.0   12:44   ESE
20  60.3  77.9   15:37  44.6   06:52  10.1   0.0  0.00   0.4   7.0   13:06   ESE
21  63.2  75.5   15:52  48.4   04:36   6.3   0.0  0.01   0.8  10.0   13:42   SSW
22  64.1  71.7   14:26  50.2   23:59   4.4   0.0  0.49   0.8  11.0   04:13   SSW
23  51.3  61.8   14:27  41.5   23:58  16.7   0.0  0.00   1.0  10.0   08:28   SSW
24  50.5  65.3   16:02  37.1   05:09  17.4   0.0  0.00   0.8  10.0   09:12     S
25  53.0  65.4   14:05  40.2   05:17  15.0   0.0  0.00   0.3   6.0   16:12    SE
26  57.3  69.7   15:34  47.2   07:26  10.8   0.0  0.00   0.4   7.0   11:53   ESE
27  57.8  69.2   15:49  48.3   23:51  10.3   0.0  0.00   0.3   5.0   10:03   ENE
28  56.4  74.2   14:09  44.2   05:08  12.5   0.0  0.00   0.5   7.0   12:14     E
29  51.6  69.6   14:46  39.7   05:39  16.5   0.0  0.00   0.3   8.0   15:35   ESE
30  52.8  71.0   14:18  39.1   01:08  15.3   0.0  0.01   0.3   7.0   13:30     E
----------------------------------------------------------------------------------
    60.6  94.8    11    35.2    17   273.3   8.2  4.51   0.4  15.0     8       S

Max >=  90.0:  1
Max <=  32.0:  0
Min <=  32.0:  0
Min <=   0.0:  0
Max Rain: 2.31 on day 12
Days of Rain: 3 (>= 0.20 in)  1 (>= 2.00 in)  0 (>= 20.00 in)
Heat Base: 68.0  Cool Base: 78.0  Method: Integration