NOAA-Style Climate Reports


Report for 2013 November
                   Monthly Climatological Summary for Nov 2013

Name: KensBackYard   City: Fremont   State: NH
Elevation: 161 ft  Lat: N 42° 57' 53"   Lon: W 071° 07' 04"

                  Temperature (°F), Rain (in), Wind Speed (mph)

                                      Heat  Cool        Avg
    Mean                              Deg   Deg         Wind                 Dom
Day Temp  High   Time   Low    Time   Days  Days  Rain  Speed High   Time    Dir
----------------------------------------------------------------------------------
 1  64.3  70.7   11:18  54.8   23:59   4.0   0.0  0.02   2.8  23.0   10:21   SSW
 2  52.6  67.2   15:18  37.4   07:44  15.4   0.0  0.02   0.3   9.0   20:31   WSW
 3  39.6  47.9   00:00  26.2   23:47  29.6   0.0  0.01   0.6  10.0   01:52   WSW
 4  30.2  44.3   14:21  20.7   06:46  37.8   0.0  0.00   0.5  12.0   08:42     E
 5  33.8  50.9   13:18  21.3   01:42  34.2   0.0  0.00   0.3   9.0   11:08   SSW
 6  47.6  61.9   14:33  30.6   00:00  20.4   0.0  0.00   0.9  14.0   10:53   SSW
 7  53.1  63.3   10:35  38.2   22:56  14.9   0.0  0.12   1.0  16.0   04:06    SW
 8  38.2  47.4   10:55  29.4   06:43  29.8   0.0  0.00   0.9  14.0   16:57   WSW
 9  38.0  43.6   13:26  31.5   05:41  30.0   0.0  0.00   0.8  13.0   11:21    SW
10  41.8  50.4   12:29  36.0   00:00  26.2   0.0  0.08   0.2   9.0   16:31   WSW
11  43.9  52.0   13:56  37.7   04:47  24.1   0.0  0.00   1.2  14.0   02:44    SW
12  34.4  46.5   02:49  26.2   23:50  33.7   0.0  0.01   1.4  13.0   05:36   WSW
13  28.9  37.0   14:14  23.4   06:32  39.1   0.0  0.00   1.1  16.0   11:10    SW
14  37.0  52.4   14:07  26.4   23:54  31.0   0.0  0.00   1.0  13.0   10:31    SW
15  36.5  58.0   14:21  23.0   06:02  31.5   0.0  0.00   0.3   7.0   11:52   SSW
16  39.2  61.5   14:11  27.9   23:56  28.8   0.0  0.00   0.1   5.0   11:54     S
17  39.8  47.6   15:05  26.4   02:10  28.2   0.0  0.05   0.0   3.0   14:11   ESE
18  54.8  65.5   13:47  45.0   20:54  13.2   0.0  0.25   1.0  15.0   09:05    SW
19  38.5  47.1   00:00  31.0   23:31  29.5   0.0  0.00   2.4  23.0   13:58   WSW
20  31.6  42.4   13:13  21.5   23:55  36.4   0.0  0.00   1.1  16.0   03:25   WSW
21  30.8  47.7   13:53  17.5   07:09  37.2   0.0  0.00   0.3   8.0   11:30   SSW
22  37.8  42.3   12:00  31.1   00:33  30.2   0.0  0.14   0.0   4.0   14:25    NE
23  37.6  43.8   11:31  29.2   23:56  30.4   0.0  0.01   1.4  15.0   08:17    SW
24  23.8  29.3   00:02  19.6   23:56  44.3   0.0  0.00   3.2  25.0   14:43   WSW
25  24.0  32.3   13:37  16.9   04:39  44.0   0.0  0.00   1.3  17.0   06:48    SW
26  32.6  36.0   14:49  29.1   08:06  35.4   0.0  0.09   0.5   8.0   07:13    SW
27  47.6  61.7   11:40  33.1   00:00  20.4   0.0  1.66   1.2  14.0   04:50   SSE
28  30.6  36.5   02:15  20.4   23:56  37.4   0.0  0.00   1.7  15.0   12:53    SW
29  22.2  32.1   13:23  13.1   23:56  45.8   0.0  0.00   0.7  10.0   09:18   WSW
30  21.2  32.5   13:43   8.6   07:06  46.8   0.0  0.00   0.3   9.0   14:24   ESE
----------------------------------------------------------------------------------
    37.7  70.7     1     8.6    30   909.7   0.0  2.46   1.0  25.0    24      SW

Max >=  90.0:  0
Max <=  32.0:  1
Min <=  32.0: 23
Min <=   0.0:  0
Max Rain: 1.66 on day 27
Days of Rain: 2 (>= 0.20 in)  0 (>= 2.00 in)  0 (>= 20.00 in)
Heat Base: 68.0  Cool Base: 78.0  Method: Integration