NOAA-Style Climate Reports


Report for 2014 November
                   Monthly Climatological Summary for Nov 2014

Name: KensBackYard   City: Fremont   State: NH
Elevation: 161 ft  Lat: N 42° 57' 53"   Lon: W 071° 07' 04"

                  Temperature (°F), Rain (in), Wind Speed (mph)

                                      Heat  Cool        Avg
    Mean                              Deg   Deg         Wind                 Dom
Day Temp  High   Time   Low    Time   Days  Days  Rain  Speed High   Time    Dir
----------------------------------------------------------------------------------
 1  40.4  43.8   14:16  34.2   01:09  27.6   0.0  0.37   1.1  11.0   13:16   ENE
 2  39.6  40.9   08:05  37.3   12:02  29.6   0.0  0.02   2.7  22.0   22:45   WNW
 3  40.3  52.3   14:13  31.5   21:54  27.7   0.0  0.00   1.6  20.0   11:03    SW
 4  42.4  57.6   12:02  28.7   03:00  25.6   0.0  0.00   0.1   5.0   13:27   ESE
 5  47.8  65.5   12:17  34.6   23:55  20.2   0.0  0.00   0.5  13.0   11:56   WSW
 6  42.9  48.0   22:16  34.1   00:42  25.1   0.0  0.31   0.1   6.0   21:27    NE
 7  43.1  48.2   14:24  38.1   21:34  24.9   0.0  0.08   1.3  22.0   14:05   WSW
 8  39.2  48.3   14:01  31.7   06:21  28.8   0.0  0.00   0.9  13.0   10:50   WSW
 9  41.7  54.2   13:47  29.3   23:50  26.3   0.0  0.00   0.3   6.0   10:03    SW
10  39.9  57.7   14:03  27.8   06:56  28.1   0.0  0.00   0.3   7.0   09:53   SSW
11  43.3  63.2   14:14  29.4   06:30  24.7   0.0  0.00   0.3   9.0   11:28   SSW
12  50.1  60.2   13:46  37.7   23:17  17.9   0.0  0.02   0.2   7.0   18:34   ENE
13  39.7  49.6   13:28  29.2   06:21  28.3   0.0  0.06   0.3   7.0   08:49    SW
14  34.5  44.2   14:13  24.4   23:52  33.5   0.0  0.12   0.3  10.0   10:52   WSW
15  27.7  40.1   13:45  19.3   23:58  40.3   0.0  0.00   0.4  12.0   10:04     W
16  30.6  41.1   14:52  17.2   05:11  37.4   0.0  0.00   0.3  11.0   13:48   SSW
17  36.0  38.3   14:29  33.7   01:44  32.0   0.0  1.11   0.1   4.0   12:59   ENE
18  32.2  39.1   12:13  24.5   23:04  35.8   0.0  0.01   1.4  18.0   11:37    SW
19  28.5  38.4   13:49  23.0   05:40  39.5   0.0  0.00   1.1  14.0   08:10    SW
20  34.0  45.6   12:54  26.1   07:17  33.9   0.0  0.00   0.9  15.0   13:36    SW
21  28.5  35.8   11:07  21.7   23:58  39.5   0.0  0.00   1.3  21.0   13:14    SW
22  31.0  40.7   19:27  16.1   06:32  37.0   0.0  0.00   1.1  11.0   18:40    SW
23  45.9  60.5   13:32  36.7   23:59  22.1   0.0  0.00   0.6  10.0   13:09   WSW
24  54.4  65.9   14:21  34.6   02:29  13.6   0.0  0.45   1.4  16.0   16:50   SSW
25  54.1  62.1   02:23  37.0   23:05  14.0   0.0  0.00   0.4  12.0   02:17    SW
26  36.3  41.7   01:11  32.9   23:27  31.8   0.0  0.13   0.0   9.0   10:55     E
28  26.5  33.3   03:17  14.6   23:58  22.6   0.0  0.34   0.1   8.0   11:49    SW
29  20.5  33.0   13:27  12.3   04:37  44.0   0.0  0.24   0.2   6.0   11:15   SSW
30  35.0  44.1   13:32  19.3   00:00  26.5   0.0  0.50   0.1   4.0   13:43   WSW
----------------------------------------------------------------------------------
    38.1  65.9    24    12.3    29   838.3   0.0  3.76   0.7  22.0     2      SW

Max >=  90.0:  0
Max <=  32.0:  0
Min <=  32.0: 18
Min <=   0.0:  0
Max Rain: 1.11 on day 17
Days of Rain: 7 (>= 0.20 in)  0 (>= 2.00 in)  0 (>= 20.00 in)
Heat Base: 68.0  Cool Base: 78.0  Method: Integration