NOAA-Style Climate Reports


Report for 2016 January
                   Monthly Climatological Summary for Jan 2016

Name: KensBackYard   City: Fremont   State: NH
Elevation: 161 ft  Lat: N 42° 57' 53"   Lon: W 071° 07' 04"

                  Temperature (°F), Rain (in), Wind Speed (mph)

                                      Heat  Cool        Avg
    Mean                              Deg   Deg         Wind                 Dom
Day Temp  High   Time   Low    Time   Days  Days  Rain  Speed High   Time    Dir
----------------------------------------------------------------------------------
 1  35.5  40.0   10:43  31.2   21:36  32.5   0.0  0.18   0.3  10.0   14:24    SW
 2  32.6  40.3   12:20  26.1   04:10  35.4   0.0  0.08   0.4  12.0   11:17    SW
 3  33.9  41.8   13:59  26.0   23:59  34.1   0.0  0.11   0.6  15.0   13:32    SW
 4  20.6  26.1   00:00   8.9   23:58  47.4   0.0  0.00   0.6   9.0   07:10     W
 5  12.7  24.0   13:49   4.3   07:32  55.3   0.0  0.00   0.4   8.0   00:29   WSW
 6  22.3  43.4   13:50   8.3   00:22  46.4   0.0  0.06   0.2   8.0   10:54   SSW
 7  24.9  42.9   12:03  11.8   07:14  43.1   0.0  0.06   0.2   5.0   12:10     E
 8  28.0  35.9   23:42  16.4   05:06  40.0   0.0  0.01   0.1   6.0   11:25   ENE
 9  34.9  37.8   13:21  32.9   06:15  33.1   0.0  0.14   0.0   4.0   10:29   ENE
10  43.5  53.0   16:06  34.0   00:07  24.4   0.0  1.17   1.0  19.0   10:15   ENE
11  31.2  45.5   00:27  21.9   23:59  36.8   0.0  0.00   2.0  17.0   14:39    SW
12  26.0  33.9   14:42  17.1   05:15  42.0   0.0  0.00   0.3  10.0   12:18    SE
13  23.4  30.4   12:10  17.7   22:42  44.6   0.0  0.11   1.3  22.0   13:12    SW
14  21.6  30.5   13:55  14.2   03:13  46.4   0.0  0.02   0.5   9.0   09:35    SW
15  25.7  33.2   15:03  12.2   03:13  42.3   0.0  0.01   0.1   4.0   13:45   ENE
16  33.7  37.1   15:20  30.6   00:20  34.3   0.0  0.25   0.2   9.0   06:46    NE
17  31.3  35.0   10:10  27.2   23:47  36.7   0.0  0.02   0.3   7.0   00:19   WSW
18  23.2  27.9   11:01  15.0   23:59  44.8   0.0  0.00   1.1  15.0   19:41    SW
19  17.6  23.2   15:01  13.8   05:46  50.3   0.0  0.00   2.4  20.0   21:05    SW
20  23.4  30.7   14:30  17.8   00:00  44.6   0.0  0.01   1.9  17.0   12:57    SW
21  22.7  22.9   00:00  22.7   00:07  45.3   0.0  0.00   2.0   6.0   00:01    SW
22  23.2  32.2   13:04  11.8   23:42  44.6   0.0  0.00   1.3  11.0   00:08    SW
23  19.4  22.9   21:59  12.0   00:00  48.6   0.0  0.00   1.4  14.0   15:24    NE
24  27.6  38.6   13:05  17.8   04:35  40.4   0.0  0.02   0.8  10.0   09:53     E
25  28.3  40.1   12:51  18.0   07:31  39.7   0.0  0.01   0.2   6.0   14:47     E
26  36.5  50.4   13:57  21.3   07:17  31.5   0.0  0.00   0.6  12.0   10:45    SW
27  38.9  41.8   00:30  26.0   23:59  29.1   0.0  0.00   0.7  14.0   13:33    SW
28  29.4  42.8   14:41  16.7   07:08  38.6   0.0  0.00   0.4  10.0   12:02   SSW
29  33.5  39.8   14:15  29.1   00:00  34.5   0.0  0.00   0.1  11.0   23:39   WSW
30  35.3  40.5   10:47  27.8   06:06  32.7   0.0  0.00   0.6  11.0   20:35    SW
31  40.4  54.9   14:41  31.9   22:31  28.1   0.0  0.00   0.3   8.0   14:16    SW
----------------------------------------------------------------------------------
    28.4  54.9    31     4.3     5  1227.6   0.0  2.26   0.7  22.0    13      SW

Max >=  90.0:  0
Max <=  32.0:  9
Min <=  32.0: 29
Min <=   0.0:  0
Max Rain: 1.17 on day 10
Days of Rain: 2 (>= 0.20 in)  0 (>= 2.00 in)  0 (>= 20.00 in)
Heat Base: 68.0  Cool Base: 78.0  Method: Integration