NOAA-Style Climate Reports


Report for 2016 February
                   Monthly Climatological Summary for Feb 2016

Name: KensBackYard   City: Fremont   State: NH
Elevation: 161 ft  Lat: N 42° 57' 53"   Lon: W 071° 07' 04"

                  Temperature (°F), Rain (in), Wind Speed (mph)

                                      Heat  Cool        Avg
    Mean                              Deg   Deg         Wind                 Dom
Day Temp  High   Time   Low    Time   Days  Days  Rain  Speed High   Time    Dir
----------------------------------------------------------------------------------
 1  42.9  57.1   12:35  33.9   23:59  25.3   0.0  0.00   0.5  17.0   12:35    SW
 2  34.7  49.0   13:58  25.6   06:29  33.3   0.0  0.00   0.3  12.0   11:07     W
 3  39.8  58.4   21:45  27.4   05:27  28.3   0.0  0.44   0.9  19.0   19:42   SSW
 4  50.2  57.6   02:14  40.5   23:51  17.8   0.0  0.02   0.6  12.0   01:16    SW
 5  31.5  40.6   00:00  20.4   23:57  36.5   0.0  0.08   0.0   3.0   03:41   ---
 6  26.8  37.7   14:11  18.6   00:40  41.7   0.0  0.61   0.3   8.0   13:29   SSW
 7  31.1  44.7   13:51  19.5   07:19  36.9   0.0  0.20   0.2   8.0   13:53    SW
 8  22.2  33.4   01:05  18.6   12:23  45.8   0.0  0.00   1.7  16.0   05:47   ENE
 9  22.6  31.4   13:26  14.3   23:34  45.4   0.0  0.18   0.2   6.0   07:35   SSE
10  24.6  34.1   14:47  13.2   06:44  43.3   0.0  0.09   0.0   4.0   10:28   SSW
11  20.0  29.4   10:30   8.5   23:57  48.0   0.0  0.01   1.0  15.0   16:18    SW
12  13.1  24.2   14:10  -0.8   07:03  54.9   0.0  0.00   0.7  11.0   11:37    SW
13   8.4  24.6   11:59  -9.2   23:57  59.6   0.0  0.00   1.5  19.0   23:34   WSW
14  -0.6  11.6   14:34 -11.3   03:17  68.6   0.0  0.00   1.6  17.0   11:15    SW
15  10.7  23.2   14:41  -7.5   07:09  57.3   0.0  0.00   0.3   7.0   10:33     S
16  38.5  52.3   19:18  21.2   00:00  29.5   0.0  0.89   0.7  13.0   17:32    SE
17  35.4  44.2   13:07  26.6   21:55  32.6   0.0  0.00   0.8  13.0   12:10   WSW
18  27.4  35.6   14:27  18.5   23:54  40.6   0.0  0.00   0.7  11.0   08:21   WSW
19  27.4  40.2   13:22  11.0   06:55  40.6   0.0  0.00   0.3  13.0   22:24     S
20  43.8  58.6   15:31  30.5   00:00  24.5   0.0  0.03   1.0  16.0   15:32   SSW
21  44.2  51.2   11:10  32.8   23:55  23.8   0.0  0.00   0.5  13.0   08:54    SW
22  32.1  41.9   14:43  22.5   23:59  35.9   0.0  0.00   0.6  12.0   09:32   WNW
23  28.6  35.6   14:00  18.2   04:01  39.4   0.0  0.00   0.7  11.0   13:05   ENE
24  34.2  35.6   13:21  31.9   03:08  33.8   0.0  0.98   0.5   9.0   09:07   ENE
25  53.6  63.3   11:34  34.8   00:09  14.4   0.0  0.29   1.8  18.0   14:17   SSW
26  32.5  40.2   00:00  22.1   23:58  35.5   0.0  0.02   2.0  18.0   14:22    SW
27  29.1  39.6   15:26  17.3   06:45  38.9   0.0  0.00   1.2  12.0   14:24   SSW
28  44.4  58.2   15:36  33.7   00:47  23.6   0.0  0.00   1.1  11.0   10:05    SW
29  47.8  62.7   12:08  35.3   22:38  20.2   0.0  0.00   1.3  16.0   12:12    SW
----------------------------------------------------------------------------------
    30.9  63.3    25   -11.3    14  1076.0   0.0  3.84   0.8  19.0     3      SW

Max >=  90.0:  0
Max <=  32.0:  6
Min <=  32.0: 23
Min <=   0.0:  4
Max Rain: 0.98 on day 24
Days of Rain: 6 (>= 0.20 in)  0 (>= 2.00 in)  0 (>= 20.00 in)
Heat Base: 68.0  Cool Base: 78.0  Method: Integration