NOAA-Style Climate Reports


Report for 2017 February
                   Monthly Climatological Summary for Feb 2017

Name: KensBackYard   City: Fremont   State: NH
Elevation: 161 ft  Lat: N 42° 57' 53"   Lon: W 071° 07' 04"

                  Temperature (°F), Rain (in), Wind Speed (mph)

                                      Heat  Cool        Avg
    Mean                              Deg   Deg         Wind                 Dom
Day Temp  High   Time   Low    Time   Days  Days  Rain  Speed High   Time    Dir
----------------------------------------------------------------------------------
 1  28.5  40.1   13:37  23.5   23:57  39.5   0.0  0.16   0.8  15.0   15:08   WSW
 2  27.0  41.3   11:38  15.6   06:20  41.0   0.0  0.01   1.2  13.0   11:19     W
 3  24.7  32.2   13:08  13.6   05:28  43.3   0.0  0.00   1.2  18.0   14:15   WSW
 4  24.1  33.4   14:20  11.7   07:30  43.9   0.0  0.00   1.2  17.0   10:55     W
 5  33.1  41.5   13:12  23.4   02:31  35.7   0.0  0.00   2.7  18.0   12:01    SW
 6  31.4  37.1   14:07  26.5   08:41  36.6   0.0  0.00   1.7  20.0   02:16   WNW
 7  24.0  29.0   00:55  19.8   19:55  44.0   0.0  0.00   1.3  11.0   10:32   ENE
 8  32.8  50.3   14:20  19.9   01:20  35.2   0.0  0.56   0.8  13.0   14:33     W
 9  22.3  32.5   05:06   9.0   23:38  45.7   0.0  0.00   2.3  29.0   21:36     N
10  11.7  21.9   13:25   1.6   06:32  56.3   0.0  0.19   1.6  26.0   10:07   WNW
11  15.3  20.2   14:59  10.0   01:50  52.7   0.0  0.00   0.2   7.0   09:38    NE
12  22.3  25.2   18:36  18.7   01:38  45.7   0.0  0.00   0.9  10.0   22:34    NE
13  26.2  33.3   12:34  21.2   23:59  41.8   0.0  0.00   2.5  39.0   13:43    NW
14  24.2  37.9   14:10  13.6   07:21  43.8   0.0  0.25   0.6   9.0   09:16     W
15  30.9  39.7   12:02  20.7   05:04  37.1   0.0  0.14   0.2  10.0   12:20     E
16  29.3  33.9   14:21  24.0   22:14  38.7   0.0  0.15   1.0  15.0   18:28     W
17  29.0  40.5   14:30  20.8   23:39  39.0   0.0  0.25   2.0  18.0   00:24     W
18  38.3  53.4   15:16  21.5   00:12  29.7   0.0  0.01   1.4  15.0   16:25    SW
19  43.5  58.9   14:08  33.5   04:02  24.5   0.0  0.00   1.1  18.0   15:46     W
20  36.6  44.7   14:33  24.7   23:58  31.4   0.0  0.00   1.0  17.0   12:53   WNW
21  31.7  45.0   13:46  17.5   06:27  36.3   0.0  0.00   0.7  10.0   11:43    SE
22  40.9  59.1   15:21  29.6   23:58  27.1   0.0  0.00   0.6   9.0   09:01   WSW
23  46.3  68.8   14:10  29.3   05:32  21.7   0.0  0.00   1.0  17.0   12:18    SW
24  50.3  72.0   15:29  36.6   06:08  18.0   0.0  0.16   0.7  14.0   13:40    SW
25  54.4  67.6   13:21  42.9   23:58  13.6   0.0  0.31   0.9  17.0   22:03   SSE
26  37.3  43.9   13:18  25.4   23:47  30.7   0.0  0.00   2.6  28.0   01:03     W
27  39.7  54.4   15:36  25.3   00:15  28.3   0.0  0.00   2.3  21.0   13:49   WSW
28  40.1  54.5   13:18  28.6   03:40  27.9   0.0  0.00   0.6  12.0   14:39     E
----------------------------------------------------------------------------------
    32.0  72.0    24     1.6    10  1009.2   0.0  2.19   1.3  39.0    13       W

Max >=  90.0:  0
Max <=  32.0:  4
Min <=  32.0: 25
Min <=   0.0:  0
Max Rain: 0.56 on day 8
Days of Rain: 4 (>= 0.20 in)  0 (>= 2.00 in)  0 (>= 20.00 in)
Heat Base: 68.0  Cool Base: 78.0  Method: Integration