NOAA-Style Climate Reports


Report for 2023 January
                   Monthly Climatological Summary for Jan 2023

Name: KensBackYard   City: Fremont   State: NH
Elevation: 161 ft  Lat: N 42° 57' 53"   Lon: W 071° 07' 04"

                  Temperature (°F), Rain (in), Wind Speed (mph)

                                      Heat  Cool        Avg
    Mean                              Deg   Deg         Wind                 Dom
Day Temp  High   Time   Low    Time   Days  Days  Rain  Speed High   Time    Dir
----------------------------------------------------------------------------------
 1  45.9  53.2   11:19  35.5   22:12  22.1   0.0  0.12   0.8  24.0   10:10     W
 2  33.8  48.1   14:47  26.3   23:54  34.2   0.0  0.00   0.1  10.0   13:40     W
 3  31.9  36.4   19:14  25.4   04:12  36.1   0.0  0.43   0.0   3.0   15:24   ---
 4  39.7  43.6   14:45  35.6   01:32  28.3   0.0  0.27   0.1   9.0   23:39   ENE
 5  35.5  42.7   00:17  31.6   22:20  32.5   0.0  0.18   1.3  14.0   02:35    NE
 6  31.9  33.1   13:34  30.9   03:29  36.1   0.0  0.06   0.1   7.0   02:16    NE
 7  33.7  42.2   13:01  26.7   23:44  34.3   0.0  0.19   0.8  16.0   21:29   WNW
 8  26.0  36.4   14:42  20.0   07:30  42.0   0.0  0.00   0.9  13.0   02:13     W
 9  29.2  40.9   14:38  21.4   07:19  38.7   0.0  0.00   0.6  12.0   12:25     W
10  29.8  36.1   13:46  18.0   23:52  38.2   0.0  0.00   0.9  20.0   11:44   WNW
11  22.9  31.4   14:40  14.2   06:31  45.1   0.0  0.00   0.3   8.0   09:28   ENE
12  29.6  41.3   23:59  25.9   05:25  38.4   0.0  0.63   0.1   6.0   23:57   ENE
13  47.0  55.7   12:39  34.4   23:52  21.0   0.0  0.39   1.4  18.0   07:07    SW
14  32.4  34.5   14:53  31.3   09:02  35.6   0.0  0.04   0.5  13.0   23:36    NW
15  33.4  37.3   17:33  29.5   22:39  34.6   0.0  0.00   2.4  18.0   11:06   NNE
16  30.8  33.9   11:09  29.6   17:29  37.2   0.0  0.09   1.3  16.0   14:45   WNW
17  35.2  48.0   14:26  26.9   07:30  32.8   0.0  0.23   0.6  10.0   03:35     W
18  39.7  51.2   14:26  30.1   07:12  28.3   0.0  0.00   1.2  19.0   14:51     W
19  35.7  39.4   12:48  32.3   21:42  32.3   0.0  0.01   0.7  19.0   04:21     W
20  31.3  32.7   13:39  28.5   23:42  36.7   0.0  0.02   0.1   7.0   12:45    NE
21  25.1  30.9   15:00  14.7   23:52  31.6   0.0  0.01   0.3  11.0   13:39     W
22  25.3  31.6   14:48  14.6   00:33  42.7   0.0  0.01   0.0   3.0   01:10   ---
23  31.2  34.6   18:55  27.6   22:55  27.0   0.0  0.12   0.8  13.0   09:24   WNW
24  32.6  35.4   15:00  30.2   23:30  14.5   0.0  0.10   0.9  13.0   11:46   WSW
25  30.8  33.0   23:49  30.0   07:22  37.3   0.0  0.09   0.2  10.0   10:19   ENE
26  36.6  44.2   12:40  32.0   23:59  31.4   0.0  2.03   2.0  29.0   16:28   WSW
27  30.1  40.3   15:13  23.8   21:36  37.9   0.0  0.05   0.8  13.0   00:04     W
28  33.2  47.3   14:20  21.2   02:24  34.8   0.0  0.00   1.1  19.0   13:06    SW
----------------------------------------------------------------------------------
    32.9  55.7    13    14.2    11   941.7   0.0  5.07   0.7  29.0    26       W

Max >=  90.0:  0
Max <=  32.0:  3
Min <=  32.0: 24
Min <=   0.0:  0
Max Rain: 2.03 on day 26
Days of Rain: 6 (>= 0.20 in)  1 (>= 2.00 in)  0 (>= 20.00 in)
Heat Base: 68.0  Cool Base: 78.0  Method: Integration